hat is the remainder when 308158 is divided by 72?
70
What is the remainder when 25636 is divided by 2489?
746
Calculate the remainder when 42411 is divided by 88.
83
What is the remainder when 16160 is divided by 330?
320
What is the remainder when 5943 is divided by 29?
27
What is the remainder when 992430 is divided by 365?
360
What is the remainder when 64685 is divided by 127?
42
Calculate the remainder when 79765 is divided by 104.
101
Calculate the remainder when 814 is divided by 383.
48
What is the remainder when 246480 is divided by 459?
456
Calculate the remainder when 244 is divided by 29.
12
What is the remainder when 184965 is divided by 1350?
15
Calculate the remainder when 11804 is divided by 115.
74
What is the remainder when 69721 is divided by 17428?
9
What is the remainder when 1454813 is divided by 27?
26
Calculate the remainder when 13449453 is divided by 19.
18
Calculate the remainder when 58296 is divided by 242.
216
Calculate the remainder when 6211 is divided by 3022.
167
Calculate the remainder when 2385651 is divided by 446.
443
Calculate the remainder when 1391314 is divided by 12.
10
Calculate the remainder when 122219 is divided by 668.
643
Calculate the remainder when 47391 is divided by 49.
8
Calculate the remainder when 855 is divided by 192.
87
What is the remainder when 51322 is divided by 17104?
10
What is the remainder when 251 is divided by 160?
91
What is the remainder when 13571 is divided by 12?
11
What is the remainder when 69285 is divided by 130?
125
Calculate the remainder when 11416 is divided by 2264.
96
Calculate the remainder when 2997 is divided by 181.
101
What is the remainder when 2374 is divided by 339?
1
What is the remainder when 2928 is divided by 10?
8
Calculate the remainder when 200239 is divided by 123.
118
What is the remainder when 219715 is divided by 60?
55
What is the remainder when 5546 is divided by 834?
542
Calculate the remainder when 6218 is divided by 388.
10
Calculate the remainder when 6791 is divided by 213.
188
What is the remainder when 15652 is divided by 76?
72
Calculate the remainder when 454000 is divided by 818.
10
What is the remainder when 161479 is divided by 307?
304
What is the remainder when 19362 is divided by 1786?
1502
What is the remainder when 43096 is divided by 276?
40
Calculate the remainder when 31371 is divided by 166.
163
Calculate the remainder when 864 is divided by 118.
38
What is the remainder when 457526 is divided by 6?
2
Calculate the remainder when 276404 is divided by 113.
6
What is the remainder when 16303 is divided by 8137?
29
Calculate the remainder when 1817 is divided by 546.
179
What is the remainder when 28382 is divided by 9457?
11
What is the remainder when 59592 is divided by 126?
120
Calculate the remainder when 10775 is divided by 147.
44
What is the remainder when 3271 is divided by 533?
73
Calculate the remainder when 13068 is divided by 4032.
972
Calculate the remainder when 37724 is divided by 2506.
134
What is the remainder when 20757 is divided by 452?
417
Calculate the remainder when 17272 is divided by 3196.
1292
Calculate the remainder when 21594 is divided by 54.
48
Calculate the remainder when 88947 is divided by 31.
8
Calculate the remainder when 1625 is divided by 807.
11
What is the remainder when 1230 is divided by 609?
12
What is the remainder when 68025 is divided by 243?
228
Calculate the remainder when 197569 is divided by 230.
229
Calculate the remainder when 17846 is divided by 124.
114
What is the remainder when 162707 is divided by 33?
17
Calculate the remainder when 6798 is divided by 85.
83
What is the remainder when 938613 is divided by 222?
219
What is the remainder when 144776 is divided by 134?
56
What is the remainder when 231593 is divided by 91?
89
Calculate the remainder when 35616 is divided by 96.
0
What is the remainder when 32843 is divided by 10924?
71
Calculate the remainder when 1426438 is divided by 15.
13
Calculate the remainder when 22506 is divided by 89.
78
What is the remainder when 51851 is divided by 29?
28
What is the remainder when 8571 is divided by 199?
14
What is the remainder when 7917 is divided by 91?
0
Calculate the remainder when 8457 is divided by 45.
42
What is the remainder when 6476 is divided by 1987?
515
What is the remainder when 27704 is divided by 27695?
9
What is the remainder when 425 is divided by 43?
38
Calculate the remainder when 3745 is divided by 730.
95
What is the remainder when 45751 is divided by 274?
267
Calculate the remainder when 44871 is divided by 7472.
39
What is the remainder when 2095 is divided by 954?
187
Calculate the remainder when 1065 is divided by 570.
495
What is the remainder when 108754 is divided by 54370?
14
What is the remainder when 499788 is divided by 41?
39
What is the remainder when 10237 is divided by 1587?
715
Calculate the remainder when 17275 is divided by 53.
50
Calculate the remainder when 260056 is divided by 10.
6
Calculate the remainder when 2059 is divided by 383.
144
Calculate the remainder when 2276 is divided by 252.
8
What is the remainder when 5861 is divided by 14?
9
What is the remainder when 27718 is divided by 105?
103
What is the remainder when 3769 is divided by 518?
143
Calculate the remainder when 7453 is divided by 1060.
33
What is the remainder when 13444 is divided by 20?
4
What is the remainder when 1060273 is divided by 335?
333
What is the remainder when 8196 is divided by 294?
258
Calculate the remainder when 47955 is divided by 17.
15
Calculate the remainder when 423548 is divided by 72.
44
Calculate the remainder when 2763 is divided by 1362.
39
Calculate the remainder when 33685 is divided by 886.
17
What is the remainder when 4222 is divided by 880?
702
Calculate the remainder when 15216 is divided by 1268.
0
What is the remainder when 5193 is divided by 28?
13
Calculate the remainder when 591 is divided by 200.
191
What is the remainder when 1093084 is divided by 143?
135
Calculate the remainder when 11419 is divided by 3685.
364
What is the remainder when 14137 is divided by 4672?
121
Calculate the remainder when 13046 is divided by 14.
12
What is the remainder when 73320 is divided by 36428?
464
What is the remainder when 12582406 is divided by 373?
370
Calculate the remainder when 99320 is divided by 49660.
0
Calculate the remainder when 11025 is divided by 11.
3
What is the remainder when 3830916 is divided by 49?
47
What is the remainder when 984499 is divided by 7?
5
What is the remainder when 9144 is divided by 327?
315
Calculate the remainder when 721958 is divided by 10.
8
Calculate the remainder when 6353 is divided by 11.
6
Calculate the remainder when 1399 is divided by 20.
19
Calculate the remainder when 1381183 is divided by 27.
25
Calculate the remainder when 6253 is divided by 387.
61
Calculate the remainder when 5362 is divided by 7.
0
Calculate the remainder when 1585 is divided by 1459.
126
What is the remainder when 100344 is divided by 33448?
0
What is the remainder when 1342 is divided by 383?
193
Calculate the remainder when 172573 is divided by 1143.
1123
What is the remainder when 755122 is divided by 82?
66
What is the remainder when 3206 is divided by 250?
206
What is the remainder when 1921 is divided by 852?
217
What is the remainder when 7501 is divided by 159?
28
Calculate the remainder when 69685 is divided by 13935.
10
Calculate the remainder when 322 is divided by 60.
22
Calculate the remainder when 361954 is divided by 90475.
54
Calculate the remainder when 77217 is divided by 108.
105
What is the remainder when 5793 is divided by 1431?
69
What is the remainder when 3382 is divided by 1?
0
Calculate the remainder when 1694824 is divided by 109.
92
What is the remainder when 911 is divided by 76?
75
What is the remainder when 693202 is divided by 41?
15
What is the remainder when 15868 is divided by 5?
3
Calculate the remainder when 8757 is divided by 577.
102
Calculate the remainder when 227724 is divided by 97.
65
Calculate the remainder when 11650 is divided by 11636.
14
Calculate the remainder when 76023 is divided by 25.
23
Calculate the remainder when 6651069 is divided by 162.
159
Calculate the remainder when 4645021 is divided by 766.
763
